uppose -62*r + 143794 + 242489 = -362057. What are the prime factors of r?
2, 5, 17, 71
Let j = -2302 - -1045. Let b be (-2)/((-8)/j) - (-6)/24. Let w = -160 - b. What are the prime factors of w?
2, 7, 11
Let f(x) be the second derivative of 11*x**6/720 - 3*x**5/20 + 17*x**4/6 + 32*x. Let g(k) be the third derivative of f(k). What are the prime factors of g(7)?
59
Let t be 3 - (2 - 1 - (-81)/27). What are the prime factors of (-4)/8*-282 - t*3?
2, 3
Let o(y) = y**3 - 84*y**2 - 275*y - 352. List the prime factors of o(93).
2, 101, 257
List the prime factors of 2510/(2*(-6)/(-1140)*10).
5, 19, 251
List the prime factors of (-2365800)/60*(1 - (-10)/(-4)).
3, 5, 3943
Let i = 5 - 9. Let r be (1 - 0) + i - (6 - -68). Let f = 0 - r. What are the prime factors of f?
7, 11
Let c = -156 + 165. Suppose -c*i = -883 - 980. What are the prime factors of i?
3, 23
Let h be 30 - 25 - (-2)/(-2). Suppose -r = -7*b + h*b + 1288, 2*b + 3*r = 844. What are the prime factors of b?
2, 107
Let g(s) = 12 + 8*s - 2*s**3 + 10 - 21*s**2 + 34*s**2 - 23*s**2. List the prime factors of g(-9).
2, 13, 23
What are the prime factors of ((-299208)/468)/(1/(-39))?
2, 7, 13, 137
Let y be (1 + 0)/(1/191). Suppose -40 - y = -3*c. Suppose 89 = s + 3*a - 2*a, s - c = 5*a. List the prime factors of s.
3, 29
Let y(c) = -c**2 + 5*c + 4. Let g be y(7). Let j = -5 - g. Suppose 196 = 3*f - 4*p, 4*p - 44 = -j*f + 336. What are the prime factors of f?
2, 3
Let i = -10 - -165. Let p = 838 - i. List the prime factors of p.
683
What are the prime factors of 10/2 + (11 - (-2920 + -25))?
3, 7, 47
Let n(u) = 1160*u + 2424. What are the prime factors of n(8)?
2, 7, 11, 19
What are the prime factors of (-4 - -6)/(48/282408)?
7, 41
Let r be -2*1*4/16*-11878. Suppose -7*h + 3840 = -r. What are the prime factors of h?
11, 127
Let h = 45 + 10. List the prime factors of 585/11 + (-2)/h*5.
53
Let g(t) = 40*t**2 + 186*t - 8. List the prime factors of g(-14).
2, 1307
Let l be (6/9)/((14/(-12))/(-7)). Suppose 0*p + 4*u + 58 = p, -l*p + 5*u + 254 = 0. List the prime factors of ((-12)/4)/((-3)/p).
2, 3, 11
Let l(f) = f**3 + f**2 - 2*f - 2. Let n be l(-1). Suppose 0*s - 3*s = -n*s. What are the prime factors of (s - 1)*(20 + -189)?
13
Let d = -11898 - -21996. What are the prime factors of d?
2, 3, 11, 17
Let s(n) = n**3 - 22*n**2 + n - 25. Let q be s(22). Let h(f) = -2*f**2 + 2*f + 19. Let i be h(q). List the prime factors of i/(-4) + 5225/76.
2, 5, 7
Let y(h) be the third derivative of 2*h**5/15 + 7*h**4/24 - 3*h**3/2 - 29*h**2. Let g be y(-6). Suppose 2*i - 129 = g. List the prime factors of i.
3, 61
Suppose 54170 = 5*k - 5*l, 2*l - 21680 = -0*k - 2*k. What are the prime factors of k?
10837
Suppose 5*k = 3*b + 36, -3*b + 54 = 3*k + 18. Suppose -k*u + 1 = -8*u. List the prime factors of u*(127 - 9/3).
2, 31
Let u be (-8)/(-36) + 291/27. Let d be (u/(-2))/(18/(-144)). Suppose 10 + d = 3*h. List the prime factors of h.
2, 3
Let x(r) = -4*r + 36. Let o be x(3). Suppose -o*k = -8974 - 9938. What are the prime factors of k?
2, 197
Let s(t) = t**3 + 18*t**2 + 10. Let q be s(-18). Let m = q - -299. What are the prime factors of m?
3, 103
Let z(y) = 26*y**2 - 77*y - 893. List the prime factors of z(-17).
2, 5, 13, 61
Let r(y) = -30*y**3 + 4*y**2 + 46*y + 145. List the prime factors of r(-5).
3, 5, 251
Let w be (-407 + 3)*110/44. Let f = -766 - w. What are the prime factors of f?
2, 61
Let q = -11396 - -20777. List the prime factors of q.
3, 53, 59
Let x(q) = q**3 + q**2 + q + 287. Let r = -166 - -166. List the prime factors of x(r).
7, 41
What are the prime factors of 412440/154 + -11 + (-2)/11?
3, 7, 127
Suppose -38*a + 185*a + 937940 - 3504266 = 0. What are the prime factors of a?
2, 7, 29, 43
Let k(x) = -x**2 - 13*x + 4. Let l be k(-13). Let p(q) be the first derivative of 5*q**3/3 - 2*q**2 - 5*q - 2. What are the prime factors of p(l)?
59
Suppose -6*s = 4*w - 10*s, 2*s = -2*w - 8. Let k = w - -411. What are the prime factors of k?
409
Let r(m) = m**3 + 18*m**2 + 16*m - 23. Let q be (-425)/34 + ((-2)/(-4))/(-1). What are the prime factors of r(q)?
2, 307
Let b(o) = 1631*o + 4090. What are the prime factors of b(6)?
2, 3469
What are the prime factors of (-7)/(-1) + -4 + (26018 - 13 - 7)?
3, 107
Let j(g) be the second derivative of g**3/6 + 7*g**2/2 - 15*g. Let l be j(-2). Suppose -79 = -2*f + l*n, 0*f - f - 3*n + 34 = 0. List the prime factors of f.
37
Let k be (-812)/(-28) - (0 + 3)*1. Let h be k - -3*(-2)/(-6). Suppose -3*t + x + h = 4*x, x = 3. What are the prime factors of t?
2, 3
What are the prime factors of 580*(0 + -6)*(-132)/99?
2, 5, 29
Suppose -4*l + 688 = k, -l - 2129 = -5*k + 2*k. List the prime factors of k/8*(-4)/(-6).
59
Suppose -74480 = -4*y - 15*y. Suppose 0 = -9*q + 14*q - y. What are the prime factors of q?
2, 7
What are the prime factors of (149 - -3)/((-411)/(-1507) + (-394)/1606)?
2, 19, 73
Let d = -223 + 128. Let x = d + 131. What are the prime factors of (100/(-2))/((-9)/x)?
2, 5
Suppose -29*h + 30*h = 5*v - 9570, -4*h = -5*v + 9585. Let u = v + -1326. List the prime factors of u.
587
Let t = -395 + 327. Let u = t + 284. List the prime factors of u.
2, 3
What are the prime factors of 3*(-6)/(-9)*4837/14?
691
Let d = 150 - 111. Suppose -4*t + d*u + 3832 = 38*u, -4*u = -2*t + 1916. What are the prime factors of t?
2, 479
Suppose 0 = -0*u - u - 17. Let v = u + 21. What are the prime factors of -3 + 0 + 36 - v?
29
Let b be (-32)/40*(-10)/4. Let q(v) = 0 + 4*v - b + 3. What are the prime factors of q(17)?
3, 23
Let i be (-6)/(-16) - 327/(-24). Let q be i/(-28) + (-910)/(-4). Suppose 31 + q = 3*z. List the prime factors of z.
2, 43
Let z = -12266 - -23370. Suppose 20*u - 16596 - z = 0. What are the prime factors of u?
5, 277
Suppose -17*l + 5*l - 25*l = -91908. List the prime factors of l.
2, 3, 23
Suppose -d + 5*d - 36 = -4*c, -3*c - 15 = 0. Let s = 16 - d. Let b(n) = 2*n**3 - n**2 + 2*n - 1. What are the prime factors of b(s)?
3, 5
Let n(x) = 4*x - 9. Let z be n(3). Suppose -6*c = -z*c - 9. Let p(s) = s**3 - 3*s**2 + 5*s - 10. List the prime factors of p(c).
5
Let a(x) be the first derivative of 3*x**4/4 - 7*x**3/3 - 9*x**2 + 6*x - 60. List the prime factors of a(7).
2, 283
Let w(y) = 97*y - 119. Let v be 5/(318/72 + -4). List the prime factors of w(v).
5, 11, 19
Let m be 2/6 - (-1210)/15. Let t = 83 - m. Suppose t*y - 665 = -5*y. What are the prime factors of y?
5, 19
Suppose 39*k = -3*k + 313866. What are the prime factors of k?
3, 47, 53
Suppose -2*t + 22765 = -5*v, -2*v - 7959 = -5*t + 48922. What are the prime factors of t?
5, 7, 13
Let k be 1825/(-40) + (-12)/32. List the prime factors of k/3*(-45)/(1 - -2).
2, 5, 23
Let t(h) = -49*h + 270. Let m be t(5). Let l be (-3)/(-5) + 584/10. Let s = l - m. What are the prime factors of s?
2, 17
Let b = -3461 + 6604. List the prime factors of b.
7, 449
Let m = -421 - -156. Let o = -130 - m. What are the prime factors of o?
3, 5
Suppose 9*x = 171 + 171. Let d(y) = y**2 + 2*y - 3. Let f be d(-6). Suppose -f - x = -k. What are the prime factors of k?
59
Let u(b) = b**2 + 10*b - 20. Suppose 7*h - 8*h = 12. Let j be u(h). List the prime factors of (-20)/15*6/j - -118.
2, 29
What are the prime factors of 4*(14 - (4 - 806))?
2, 3, 17
Suppose 62*q - 1638233 = -35*q. What are the prime factors of q?
16889
Suppose -3*z - r + 6*r = 8, 5*r = -5*z + 40. Suppose -z*m + 2556 = 4*l, -4*m + 5*l = -6*m + 1293. What are the prime factors of m?
2, 317
Suppose -5*u - y = -39589, 7*u - 4*u + y = 23755. List the prime factors of u.
3, 7, 13, 29
Let x(p) = 2*p**2 + 8*p + 16. Suppose -34 = 2*h - 12. Let g be x(h). Let b = 291 - g. What are the prime factors of b?
11
Suppose 0 = -4*g - 2*z + 16414, 2*g - 161*z - 8213 = -160*z. List the prime factors of g.
5, 821
Suppose -1375220 = -21*t - 89*t. List the prime factors of t.
2, 7, 19, 47
Let j = -13989 + 21026. What are the prime factors of j?
31, 227
Suppose 11*f + 5556 = h, 17*f - 18*f - 22009 = -4*h. What are the prime factors of h?
5501
Let s be (-141)/3 - (0 + -2). Let a = 19 + s. Let r = 31 + a. List the prime factors of r.
5
Let b = 12 + 2. Let c be (88/(-77))/((-4)/b). Suppose c*p = 74 + 274. What are the prime factors of p?
3, 29
Let j be 4/(-10) + 152/5. Let b be ((-344)/(-5))/(j/75). Suppose -b = -38*o + 34*o. L